ate the highest common divisor of s and 5.
5
Let t(g) = -g - 4. Let d be t(-7). Suppose -5*z - 8 = d*j + 11, 3*z = 5*j - 25. What is the highest common factor of j and 10?
2
Let j(u) = 9*u - 11. Let x be j(11). Let h = x - 28. Suppose -5*n + 39 + 36 = 0. Calculate the highest common divisor of n and h.
15
Let i be 31/2 + (-8)/(-16). What is the greatest common divisor of 40 and i?
8
Let a be 0 - (-4 + 2/2). Suppose a*m - 3*u = 2*m + 45, -3*m = -5*u - 123. What is the greatest common factor of 90 and m?
18
Let g be (4/5)/(4/500). Calculate the highest common divisor of 40 and g.
20
Let z = 5 + 0. Let g = -5 + 8. Suppose -z = -t + g. Calculate the highest common factor of t and 4.
4
Let j be (-2)/(-8) + 110*(-1)/(-8). Let k = 4 + -10. Let t(c) = c**2 + 4*c - 5. Let h be t(k). What is the greatest common divisor of j and h?
7
Suppose 3*s - 3 = 42. What is the greatest common divisor of s and 10?
5
Let i(c) = -c**2 - 10*c + 3. Let g be i(-10). Let p be (5 - (1 + g)) + 1. Calculate the greatest common divisor of 22 and p.
2
Suppose 0 = -3*o + 6, 3*b - 16 = 2*o - 7*o. Suppose -6*l + 24 = -2*l. Let r = 8 + l. Calculate the greatest common factor of b and r.
2
Let x be (9/(-4))/(-3)*20. Calculate the greatest common divisor of 5 and x.
5
Let y be (-11 - -2)/(3 - 4). Let z(l) = -l**2 + 9*l + 2. Let h be z(y). Suppose -h*t + 7*t = 105. What is the highest common divisor of 3 and t?
3
Let n be (-19)/(-4) + (-2)/(-8). Let r be 2*(1 + 7/(-2)). Let i(b) = b**2 - b - 5. Let y be i(r). Calculate the highest common divisor of y and n.
5
Suppose -4*i + 3 + 9 = 0. Suppose -2*w + 5*w = z + 14, 5*z + i*w = 2. Let s be z + (5 - 2) - -19. Calculate the greatest common divisor of s and 120.
20
Let p(w) = 3*w - 11. Let b be p(8). Let y = 70 - b. Suppose 0*v + 5*v + 4*s - 140 = 0, 5*s + y = v. Calculate the highest common factor of 8 and v.
8
Let b(n) = -n - 1. Let t be b(-8). Let r(f) = -7*f. Let v be r(-4). What is the highest common factor of t and v?
7
Let g(h) = -3 + 6 - 4*h**2 - 2*h - 1 + 3*h**2 + 5*h**3. Let v be g(2). What is the highest common factor of v and 51?
17
Let t be (-66)/(-9) + 5/(-15). Calculate the greatest common divisor of t and 1.
1
Suppose -2 = 4*v - 6. Let b be (-27)/((0 + -1)*v). What is the highest common divisor of 54 and b?
27
Suppose 0*u - u - q = 16, -92 = 5*u - q. Let r = u - -36. Suppose 6*k - 5*n - 635 = k, 4 = -4*n. What is the highest common divisor of k and r?
18
Let u be 4/(-5*8/(-1540)). Let h be -2 - ((-1 - 15) + 0). Calculate the highest common divisor of h and u.
14
Let o = 20 + -10. Suppose 4*d - 4*m - 975 = 397, 2*d - 704 = -4*m. Let i = d + -236. What is the highest common factor of i and o?
10
Suppose -5*f + 5*c + 80 = -0*c, 3*c = 4*f - 60. Let u = f + -10. Let k be (-4)/(2/(-4)*u). What is the highest common divisor of 16 and k?
4
Suppose -22 = -3*x + 2. Suppose -5*z + z + x = 0. Suppose 0 = 3*j + z*j - 15. What is the greatest common factor of 24 and j?
3
Let y be (11/(-2))/(2/(0 + -20)). Calculate the greatest common factor of 5 and y.
5
Let i(m) = m**2 - 4*m - 7. Let d = -31 - -28. Let t be i(d). Calculate the greatest common factor of 2 and t.
2
Suppose -3*y - 7*w + 155 = -3*w, -3*w + 6 = 0. Calculate the highest common factor of y and 21.
7
Let r be (-10)/((-3)/(-1)*(-2)/42). What is the greatest common factor of r and 105?
35
Suppose 0 = -4*w - 3*f + 14, 3*w + 4*f = 3*f + 8. Calculate the highest common divisor of w and 2.
2
Suppose -4*o - 22 + 122 = 0. Let v = o + -18. What is the highest common divisor of v and 49?
7
Let y = -9 + 10. Let v be (y - 4*-5) + 1. What is the greatest common divisor of v and 33?
11
Let t(p) = p**2 - 30*p + 128. Let u be t(5). Let v(y) = y**3 + 5*y**2 - 2*y - 3. Let n be v(-4). Calculate the greatest common factor of u and n.
3
Let f(o) = -o**3 + 9*o**2 - 6*o - 4. Let m be f(8). What is the highest common factor of 4 and m?
4
Suppose -3*n = 4*q - 32, -5*n = 4*q + q - 45. Suppose -m + 26 = q*z - 3*z, 4*m + 2*z - 110 = 0. Calculate the greatest common divisor of 7 and m.
7
Suppose -7*f = 4*f - 748. Calculate the highest common factor of f and 4.
4
Suppose 0 = -3*f + 1 + 53. Calculate the greatest common divisor of 54 and f.
18
Suppose 2*j - 392 = -5*j. Calculate the highest common divisor of 8 and j.
8
Let s = 18 + 2. Let i(a) be the first derivative of a**4/4 + 2*a**3 - 2*a**2 - 14*a - 2. Let g be i(-6). Calculate the highest common divisor of g and s.
10
Let t be 2 + 145 + (-2 - -2). Let n = t - 54. Suppose 5*z = 282 + n. Calculate the highest common divisor of z and 30.
15
Let i be (-1 - 51/(-9))*9. What is the highest common divisor of i and 6?
6
Let t be 2*4*12/32. Calculate the highest common divisor of 24 and t.
3
Let r(x) = -x**2 - x + 1. Let v(d) = d**2 + d - 2. Let p(l) = -5*r(l) - 3*v(l). Let n be p(-3). Calculate the highest common divisor of n and 52.
13
Let s = 139 + -94. What is the highest common divisor of s and 30?
15
Let h be 276/(-15)*10/(-4). Calculate the highest common factor of h and 2.
2
Suppose 0 = -5*v + 53 + 7. Calculate the highest common factor of v and 48.
12
Let y(l) = 34*l + 2. Let t be y(1). Calculate the greatest common divisor of t and 90.
18
Let h(c) = -2*c**2 - c. Let q(k) = -k**2. Let o(m) = -h(m) + q(m). Let b be 80/14 - (-10)/35. Let i be o(b). Calculate the highest common divisor of 6 and i.
6
Suppose -79 = -3*b - 7. Suppose 0 = d - 4*n - b, 3*n - 14 - 83 = -5*d. Calculate the greatest common factor of 180 and d.
20
Let n(m) = m**3 + m**2 + m + 7. Let q(g) = -g**3 + 8*g**2 - 6*g - 7. Let a be q(7). Let k be n(a). What is the greatest common divisor of 56 and k?
7
Suppose 60*r - 612 = 56*r. What is the greatest common factor of r and 17?
17
Let f(c) = 3*c**2 + 9*c + 1. Let g be (-9)/(2 + 1/(-2)). Let m be f(g). Calculate the greatest common factor of 5 and m.
5
Let b = 138 + -106. Calculate the greatest common divisor of b and 352.
32
Suppose 0*z = 3*z + 4*i - 24, 21 = 3*z + 3*i. What is the highest common divisor of 2 and z?
2
Let y(g) = g + 7. Let x be y(-10). Let m = 12 + x. What is the highest common factor of m and 9?
9
Let n be (-125)/45 - 4/18. Let f(c) = -2*c**3 + c**2 + 4*c - 1. Let r be f(n). Calculate the greatest common divisor of 10 and r.
10
Suppose -2*u + 358 - 82 = 0. Suppose 5*h - u = -28. Calculate the greatest common factor of h and 176.
22
Suppose -6*g + 2*g = -52. Calculate the highest common divisor of g and 52.
13
Let c = -9 + 6. Let i be 7 - (1 + c/(-3)). Suppose -29 - 26 = -i*r + 5*h, 0 = 4*r + 2*h - 44. Calculate the greatest common factor of 55 and r.
11
Suppose 1116 = -v - 3*v. Let p = v - -422. What is the greatest common divisor of p and 13?
13
Let b(v) = v**3 + 5*v**2 - 3*v - 5. Let z be b(-4). What is the highest common divisor of 161 and z?
23
Let h = 37 - 29. What is the greatest common factor of h and 80?
8
Let a(d) = -2*d - 4. Let p be a(-3). Suppose p*b + 0*b = 2. Let v(y) = 7*y - 1. Let r be v(b). What is the greatest common divisor of r and 42?
6
Let k(a) = 4 + 2*a - 2 - 1 - 3 - a**3 + 6*a**2. Let w be k(6). Calculate the highest common divisor of 70 and w.
10
Suppose o = -o + 140. Let i(x) = 26*x. Let g be i(-2). Let z = g - -80. What is the highest common divisor of z and o?
14
Suppose -h = 34 - 426. Suppose 2*b = 6*b - h. What is the greatest common factor of 14 and b?
14
Let h(i) = -14*i**3 - 2*i**2 - i - 2. Suppose -y = -1 + 2. Let r be y + (1 + -2 - 0). Let v be h(r). What is the highest common divisor of v and 13?
13
Let b = 317 + -146. Let g = 7 - 10. Let w be (g/3)/((-2)/38). Calculate the greatest common factor of w and b.
19
Suppose 101 = 4*a - 251. Let p(u) = u**2 - 5*u + 2. Let f be p(6). Calculate the highest common divisor of a and f.
8
Let x(l) = 6*l**3 + 9*l**2 + 2*l - 6. Let f(h) = -h**3 - h**2 + 1. Let k(o) = 5*f(o) + x(o). Let y be k(-3). Calculate the highest common divisor of 4 and y.
2
Suppose 14 = 5*v - y, -3*v - 2*y + 0*y + 11 = 0. Suppose 22 = 4*j - 6. Let a = j - 4. Calculate the greatest common divisor of v and a.
3
Let a = 132 + 13. Suppose t + 5*d - 58 = 0, -3*t = -7*t + 3*d + 232. What is the greatest common divisor of a and t?
29
Suppose -6*c = -c, 3*t - 21 = 2*c. What is the highest common factor of t and 56?
7
Let v = 20 - -16. What is the greatest common factor of v and 4